(base 16) in base 12?
38
Convert -44 (base 16) to base 5.
-233
Convert -12 (base 14) to base 11.
-15
Convert 252 (base 9) to base 13.
131
Convert 15 (base 8) to base 3.
111
-110 (base 2) to base 14
-6
-123 (base 4) to base 9
-30
Convert -2 (base 15) to base 4.
-2
2d (base 15) to base 13
34
Convert 100 (base 4) to base 3.
121
What is 10010 (base 2) in base 11?
17
What is -36 (base 13) in base 15?
-30
What is -301 (base 4) in base 15?
-34
What is 27 (base 9) in base 2?
11001
Convert 0 (base 3) to base 13.
0
Convert -2 (base 14) to base 9.
-2
Convert 46 (base 12) to base 13.
42
What is -3 (base 12) in base 2?
-11
-65 (base 10) to base 16
-41
2 (base 11) to base 4
2
Convert -5 (base 8) to base 11.
-5
What is 27 (base 8) in base 13?
1a
-212 (base 4) to base 2
-100110
What is 0 (base 16) in base 6?
0
10 (base 8) to base 14
8
What is -261 (base 9) in base 16?
-d9
-3 (base 6) to base 15
-3
Convert 1bc (base 15) to base 9.
486
112 (base 5) to base 6
52
Convert -83 (base 11) to base 2.
-1011011
What is 2f (base 16) in base 3?
1202
4 (base 6) to base 15
4
Convert 0 (base 10) to base 11.
0
42 (base 15) to base 12
52
d9 (base 16) to base 3
22001
Convert -1 (base 4) to base 5.
-1
What is 14 (base 6) in base 11?
a
What is -10001 (base 2) in base 11?
-16
What is -2 (base 11) in base 12?
-2
Convert -2 (base 16) to base 8.
-2
What is 20 (base 6) in base 7?
15
-a (base 13) to base 15
-a
What is 102 (base 6) in base 3?
1102
11 (base 7) to base 15
8
Convert 2 (base 10) to base 14.
2
Convert 11 (base 13) to base 16.
e
What is 1403 (base 5) in base 2?
11100100
10 (base 4) to base 14
4
33 (base 7) to base 6
40
-64 (base 10) to base 2
-1000000
What is -2222 (base 5) in base 7?
-624
What is 0 (base 4) in base 16?
0
Convert -20 (base 4) to base 6.
-12
What is -1012 (base 4) in base 15?
-4a
Convert -31 (base 16) to base 4.
-301
What is -53 (base 7) in base 13?
-2c
What is -132 (base 14) in base 11?
-1a9
Convert -2 (base 14) to base 6.
-2
-22 (base 15) to base 8
-40
-6 (base 15) to base 9
-6
1000 (base 3) to base 16
1b
Convert 3 (base 6) to base 7.
3
What is 41 (base 6) in base 16?
19
What is 2 (base 13) in base 14?
2
Convert 150 (base 6) to base 8.
102
Convert -4 (base 10) to base 3.
-11
Convert -4 (base 11) to base 16.
-4
-4 (base 8) to base 6
-4
Convert -2 (base 3) to base 14.
-2
8 (base 14) to base 6
12
What is 3 (base 5) in base 16?
3
Convert 26 (base 16) to base 6.
102
-5 (base 8) to base 11
-5
Convert 46 (base 16) to base 8.
106
What is -aa (base 14) in base 10?
-150
Convert 4 (base 11) to base 2.
100
-83 (base 12) to base 16
-63
Convert -2 (base 8) to base 3.
-2
What is -10 (base 6) in base 8?
-6
What is 4 (base 10) in base 8?
4
Convert 113 (base 4) to base 2.
10111
What is 3 (base 12) in base 5?
3
4 (base 9) to base 13
4
-6c (base 16) to base 7
-213
-40 (base 6) to base 10
-24
-24 (base 5) to base 10
-14
What is -12 (base 6) in base 7?
-11
What is 2 (base 5) in base 13?
2
What is -4 (base 11) in base 15?
-4
-13 (base 5) to base 2
-1000
Convert -5 (base 7) to base 16.
-5
Convert -a (base 12) to base 2.
-1010
6 (base 10) to base 13
6
What is -1 (base 14) in base 2?
-1
What is -3 (base 14) in base 7?
-3
-b2 (base 13) to base 5
-1040
Convert -6 (base 14) to base 11.
-6
What is -35 (base 7) in base 10?
-26
What is -11d (base 14) in base 6?
-1011
Convert -4 (base 6) to base 12.
-4
What is -10 (base 2) in base 10?
-2
What is -1b (base 16) in base 7?
-36
Convert -5 (base 9) to base 10.
-5
What is 10 (base 2) in base 9?
2
Convert b (base 15) to base 6.
15
What is 5 (base 10) in base 4?
11
-35 (base 14) to base 8
-57
Convert -49 (base 15) to base 13.
-54
What is e (base 16) in base 10?
14
-2 (base 9) to base 5
-2
What is 38 (base 9) in base 16?
23
-2 (base 9) to base 2
-10
What is -27 (base 9) in base 5?
-100
2 (base 14) to base 4
2
Convert -22 (base 7) to base 10.
-16
100110010 (base 2) to base 16
132
403 (base 5) to base 10
103
Convert -1101 (base 3) to base 5.
-122
What is -2010 (base 3) in base 11?
-52
What is 10010 (base 2) in base 8?
22
b4 (base 12) to base 13
a6
12 (base 5) to base 3
21
What is 105 (base 6) in base 15?
2b
1110 (base 2) to base 6
22
What is 2 (base 3) in base 2?
10
7 (base 10) to base 2
111
What is -3 (base 13) in base 7?
-3
What is -32 (base 7) in base 13?
-1a
What is -2 (base 5) in base 6?
-2
Convert 10 (base 13) to base 3.
111
What is 25 (base 11) in base 13?
21
110 (base 5) to base 8
36
59 (base 13) to base 3
2202
What is 1 (base 14) in base 12?
1
3 (base 15) to base 2
11
-8 (base 12) to base 15
-8
0 (base 12) to base 15
0
Convert 42 (base 8) to base 2.
100010
What is 10 (base 16) in base 6?
24
11 (base 2) to base 13
3
What is 1230 (base 5) in base 11?
163
Convert -4 (base 5) to base 8.
-4
What is -7 (base 13) in base 10?
-7
What is 33 (base 6) in base 7?
30
-1 (base 4) to base 15
-1
Convert -10 (base 8) to base 5.
-13
What is -121 (base 5) in base 14?
-28
Convert 5 (base 7) to base 2.
101
What is 2 (base 5) in base 11?
2
261 (base 10) to base 13
171
Convert 12 (base 4) to base 2.
110
Convert -f (base 16) to base 6.
-23
1 (base 6) to base 2
1
-1132 (base 4) to base 11
-86
5 (base 13) to base 15
5
What is -2 (base 15) in base 4?
-2
Convert -3 (base 7) to base 10.
-3
Convert 172 (base 8) to base 16.
7a
Convert 6 (base 15) to base 10.
6
Convert 334 (base 6) to base 13.
a0
-125 (base 14) to base 12
-171
Convert 43 (base 6) to base 2.
11011
What is -3220 (base 4) in base 11?
-1a1
What is 3 (base 8) in base 5?
3
What is 33 (base 7) in base 6?
40
What is -2 (base 14) in base 12?
-2
7 (base 14) to base 5
12
-4 (base 10) to base 9
-4
Convert -14 (base 9) to base 10.
-13
What is -6 (base 16) in base 14?
-6
5b (base 15) to base 16
56
Convert -25 (base 7) to base 14.
-15
Convert -3 (base 16) to base 15.
-3
What is 22 (base 3) in base 8?
10
Convert 12 (base 9) to base 12.
b
0 (base 15) to base 12
0
Convert -121 (base 3) to base 16.
-10
Convert 1 (base 2) to base 3.
1
What is -97 (base 16) in base 3?
-12121
Convert -12 (base 6) to base 11.
-8
-220 (base 4) to base 3
-1111
Convert -96 (base 12) to base 7.
-222
What is -4 (base 9) in base 7?
-4
-35 (base 11) to base 5
-123
Convert -1 (base 11) to base 12.
-1
What is -1 (base 9) in base 11?
-1
8 (base 15) to base 6
12
What is -111 (base 6) in base 13?
-34
-3 (base 6) to base 16
-3
-3 (base 13) to base 8
-3
What is 5 (base 7) in base 8?
5
Convert -11 (base 2) to base 11.
-3
246 (base 7) to base 3
11220
What is b6 (base 16) in base 15?
c2
What is 9 (base 10) in base 8?
11
Convert -2 (base 7) to base 2.
-10
-4 (base 12) to base 4
-10
Convert 1 (base 16) to base 15.
1
20 (base 9) to base 7
24
26 (base 15) to base 11
33
Convert 120 (base 3) to base 12.
13
What is 12 (base 3) in base 4?
11
-13 (base 5) to base 4
-20
What is 5a (base 13) in base 11?
69
1012 (base 3) to base 7
44
What is 2 (base 4) in base 7?
2
-20 (base 8) to base 11
-15
Convert 1000 (base 2) to base 15.
8
-12 (base 12) to base 14
-10
Convert 1121 (base 3) to base 6.
111
25 (base 9) to base 8
27
What is 3 (base 10) in base 4?
3
34 (base 5) to base 4
103
Convert 1 (base 4) to base 12.
1
Convert 1 (base 6) to base 3.
1
-2 (base 5) to base 10
-2
Convert -1 (base 11) to base 3.
-1
What is 536 (base 7) in base 15?
132
Convert 2 (base 4) to base 2.
10
What is -1 (base 10) in base 2?
-1
Convert -101 (base 3) to base 6.
-14
Convert 10111 (base 2) to base 16.
17
Convert 266 (base 8) to base 2.
10110110
What is -11 (base 7) in base 14?
-8
-8 (base 11) to base 8
-10
What is -1101111 (base 2) in base 6?
-303
What is -149 (base 11) in base 12?
-126
4 (base 16) to base 13
4
What is -5 (base 13) in base 4?
-11
What is 77 (base 8) in base 11?
58
What is 1 (base 8) in base 7?
1
-11 (base 14) to base 7
-21
What is -11 (base 12) in base 16?
-d
-8 (base 15) to base 6
-12
Convert 12 (base 10) to base 3.
110
Convert 2 (base 12) to base 7.
2
What is 3a (base 15) in base 11?
50
100011100 (base 2) to base 16
11c
Convert -9 (base 15) to base 8.
-11
Convert 2421 (base 5) to base 3.
111101
Convert 55 (base 11) to base 6.
140
What is -166 (base 14) in base 3?
-101121
What is -32 (base 15) in base 16?
-2f
Convert 21 (base 6) to base 10.
13
-120 (base 10) to base 12
-a0
Convert 11 (base 3) to base 4.
10
What is 7 (base 16) in base 8?
7
What is 122 (base 3) in base 4?
101
Convert